ns digit of 3882?
8
What is the thousands digit of 1585?
1
What is the hundreds digit of 514?
5
What is the thousands digit of 30898?
0
What is the hundreds digit of 2267?
2
What is the hundreds digit of 471?
4
What is the thousands digit of 12989?
2
What is the tens digit of 33324?
2
What is the ten thousands digit of 19147?
1
What is the thousands digit of 12373?
2
What is the thousands digit of 5236?
5
What is the thousands digit of 4325?
4
What is the thousands digit of 9223?
9
What is the tens digit of 908?
0
What is the thousands digit of 1154?
1
What is the ten thousands digit of 24066?
2
What is the units digit of 33348?
8
What is the tens digit of 15726?
2
What is the ten thousands digit of 22097?
2
What is the thousands digit of 3048?
3
What is the tens digit of 323?
2
What is the units digit of 61675?
5
What is the units digit of 670?
0
What is the units digit of 4399?
9
What is the thousands digit of 5425?
5
What is the units digit of 27480?
0
What is the thousands digit of 2635?
2
What is the thousands digit of 2517?
2
What is the thousands digit of 2962?
2
What is the thousands digit of 1037?
1
What is the thousands digit of 3917?
3
What is the hundreds digit of 27779?
7
What is the hundreds digit of 1871?
8
What is the thousands digit of 1177?
1
What is the thousands digit of 2180?
2
What is the thousands digit of 1243?
1
What is the units digit of 18117?
7
What is the thousands digit of 71160?
1
What is the hundreds digit of 9007?
0
What is the thousands digit of 105374?
5
What is the thousands digit of 7934?
7
What is the units digit of 535?
5
What is the ten thousands digit of 11222?
1
What is the thousands digit of 9008?
9
What is the hundreds digit of 6802?
8
What is the tens digit of 71263?
6
What is the units digit of 6917?
7
What is the hundreds digit of 13187?
1
What is the hundreds digit of 50217?
2
What is the ten thousands digit of 23843?
2
What is the ten thousands digit of 17465?
1
What is the hundreds digit of 9137?
1
What is the thousands digit of 18977?
8
What is the units digit of 527?
7
What is the units digit of 1687?
7
What is the tens digit of 299?
9
What is the hundreds digit of 373?
3
What is the hundreds digit of 939?
9
What is the tens digit of 943?
4
What is the hundreds digit of 336?
3
What is the units digit of 33067?
7
What is the tens digit of 113640?
4
What is the thousands digit of 1965?
1
What is the tens digit of 301?
0
What is the units digit of 64603?
3
What is the hundreds digit of 14775?
7
What is the tens digit of 775?
7
What is the hundreds digit of 11757?
7
What is the thousands digit of 72398?
2
What is the tens digit of 16310?
1
What is the thousands digit of 124152?
4
What is the thousands digit of 4314?
4
What is the units digit of 8037?
7
What is the hundreds digit of 38655?
6
What is the units digit of 7305?
5
What is the hundreds digit of 15849?
8
What is the hundreds digit of 66868?
8
What is the tens digit of 836?
3
What is the tens digit of 28664?
6
What is the thousands digit of 125369?
5
What is the ten thousands digit of 64350?
6
What is the hundreds digit of 1647?
6
What is the hundreds digit of 314?
3
What is the ten thousands digit of 11971?
1
What is the tens digit of 9530?
3
What is the tens digit of 870?
7
What is the hundreds digit of 377?
3
What is the thousands digit of 89272?
9
What is the hundreds digit of 15800?
8
What is the thousands digit of 2562?
2
What is the hundreds digit of 35401?
4
What is the units digit of 56671?
1
What is the thousands digit of 141591?
1
What is the tens digit of 4380?
8
What is the hundreds digit of 26449?
4
What is the hundreds digit of 651?
6
What is the tens digit of 99852?
5
What is the tens digit of 487?
8
What is the tens digit of 133?
3
What is the units digit of 23372?
2
What is the thousands digit of 14187?
4
What is the tens digit of 4432?
3
What is the tens digit of 543?
4
What is the hundreds digit of 4075?
0
What is the hundreds digit of 1202?
2
What is the thousands digit of 52070?
2
What is the tens digit of 590?
9
What is the hundreds digit of 2123?
1
What is the units digit of 6817?
7
What is the thousands digit of 1356?
1
What is the tens digit of 335?
3
What is the hundreds digit of 1247?
2
What is the thousands digit of 3451?
3
What is the units digit of 17355?
5
What is the tens digit of 22934?
3
What is the hundreds digit of 3055?
0
What is the hundreds digit of 2079?
0
What is the tens digit of 36174?
7
What is the tens digit of 383?
8
What is the thousands digit of 33257?
3
What is the units digit of 1341?
1
What is the hundred thousands digit of 116009?
1
What is the ten thousands digit of 40943?
4
What is the tens digit of 57426?
2
What is the units digit of 1970?
0
What is the hundreds digit of 678?
6
What is the tens digit of 10745?
4
What is the units digit of 6753?
3
What is the thousands digit of 2586?
2
What is the thousands digit of 53848?
3
What is the units digit of 115467?
7
What is the units digit of 218?
8
What is the tens digit of 21698?
9
What is the tens digit of 28195?
9
What is the thousands digit of 54331?
4
What is the hundreds digit of 22138?
1
What is the units digit of 609?
9
What is the units digit of 249?
9
What is the hundreds digit of 1135?
1
What is the units digit of 322?
2
What is the units digit of 3287?
7
What is the units digit of 41?
1
What is the ten thousands digit of 12152?
1
What is the units digit of 11809?
9
What is the units digit of 3097?
7
What is the hundreds digit of 34028?
0
What is the ten thousands digit of 75904?
7
What is the hundreds digit of 3914?
9
What is the tens digit of 1956?
5
What is the units digit of 1608?
8
What is the tens digit of 1134?
3
What is the hundreds digit of 567?
5
What is the thousands digit of 4705?
4
What is the hundreds digit of 3441?
4
What is the units digit of 113?
3
What is the hundreds digit of 383?
3
What is the tens digit of 61878?
7
What is the tens digit of 59325?
2
What is the ten thousands digit of 114055?
1
What is the units digit of 923?
3
What is the ten thousands digit of 25454?
2
What is the thousands digit of 1346?
1
What is the thousands digit of 36546?
6
What is the thousands digit of 6131?
6
What is the units digit of 1286?
6
What is the tens digit of 165426?
2
What is the units digit of 37726?
6
What is the units digit of 52070?
0
What is the hundreds digit of 260?
2
What is the thousands digit of 50660?
0
What is the tens digit of 154556?
5
What is the thousands digit of 9171?
9
What is the thousands digit of 1498?
1
What is the units digit of 20513?
3
What is the tens digit of 2166?
6
What is the tens digit of 3112?
1
What is the hundreds digit of 8707?
7
What is the tens digit of 163?
6
What is the thousands digit of 14262?
4
What is the tens digit of 852?
5
What is the hundreds digit of 3091?
0
What is the units digit of 59?
9
What is the thousands digit of 34117?
4
What is the units digit of 10487?
7
What is the thousands digit of 1159?
1
What is the hundreds digit of 437?
4
What is the tens digit of 9703?
0
What is the hundreds digit of 754?
7
What is the thousands digit of 40770?
0
What is the tens digit of 123983?
8
What is the units digit of 6624?
4
What is the thousands digit of 1934?
1
What is the tens digit of 64553?
5
What is the hundreds digit of 1022?
0
What is the units digit of 24648?
8
What is the units digit of 7351?
1
What is the units digit of 132?
2
What is the tens digit of 6192?
9
What is the thousands digit of 22425?
2
What is the tens digit of 19677?
7
What is the tens digit of 72286?
8
What is the units digit of 51688?
8
What is the tens digit of 2321?
2
What is the hundreds digit of 14464?
4
What is the tens digit of 12924?
2
What is the ten thousands digit of 12945?
1
What is the hundreds digit of 815?
8
What is the tens digit of 31716?
1
What is the tens digit of 1066?
6
What is the ten thousands digit of 29638?
2
What is the thousands digit of 3240?
3
What is the units digit of 110?
0
What is the hundreds digit of 110013?
0
What is the thousands digit of 1722?
1
What is the hundred thousands digit of 154712?
1
What is the hundred thousands digit of 119418?
1
What is the ten thousands digit of 112209?
1
What is the units digit of 1627?
7
What is the hundreds digit of 1977?
9
Wh